89b
In base 6, what is 122220 + -15005?
103211
In base 15, what is 8ce1 + -4a?
8c96
In base 6, what is 3 - 1351031?
-1351024
In base 7, what is 65360 - 11635?
53422
In base 15, what is -5c - -2e927b?
2e921e
In base 15, what is 728cc - -129?
72a06
In base 3, what is -2011200012212 - 1012?
-2011200021001
In base 12, what is 4113b5 - -11?
411406
In base 3, what is -1 - 10201100212?
-10201100220
In base 7, what is -211532 - 21454?
-233316
In base 4, what is 32310110201 - -11?
32310110212
In base 16, what is 1e12680 + 3?
1e12683
In base 3, what is -2101 - -2120220210?
2120211102
In base 8, what is -4300 + 5140?
640
In base 15, what is -110d22 - -b?
-110d16
In base 13, what is -98a8b - 16?
-98aa4
In base 14, what is -9b - c03b?
-c0d8
In base 4, what is -33202 + -31112312?
-31212120
In base 8, what is -4034 + -353334?
-357370
In base 16, what is -5 + -159023b4?
-159023b9
In base 14, what is 8a99 + -562?
8537
In base 4, what is 3 - 303322033033?
-303322033030
In base 5, what is -23221012 - -13000?
-23203012
In base 15, what is 10488 + d2?
1056a
In base 8, what is 5470136 + 2?
5470140
In base 6, what is 402045 + -105?
401540
In base 5, what is -24000204 + 1?
-24000203
In base 16, what is e + 1b14346?
1b14354
In base 11, what is -2 + 127aa99?
127aa97
In base 5, what is 20201123 + 31?
20201204
In base 7, what is 12166 + 211334?
223533
In base 2, what is -11110111101 - -10000001010101?
1100010011000
In base 2, what is 10 - -10001011010110111100?
10001011010110111110
In base 14, what is -3536d4 - -19?
-3536b9
In base 13, what is 20a59 + 93?
20b1c
In base 12, what is 130 + -75227?
-750b7
In base 6, what is -1 + 123442204?
123442203
In base 13, what is 4043 - -4b?
4091
In base 12, what is 398 + -3387a?
-334a2
In base 5, what is 21113 + 203011?
224124
In base 9, what is -53 - 130824?
-130877
In base 12, what is -2 + -1b69977?
-1b69979
In base 2, what is 1001101000000110 - 10011110010?
1001010100010100
In base 15, what is -133c8 - 1a1e?
-14de7
In base 4, what is 22301 + 2122120?
2211021
In base 6, what is -15 + -52234454?
-52234513
In base 9, what is -12250 - -47277?
35027
In base 13, what is 6 - 15c5?
-15bc
In base 9, what is -4386478 - -143?
-4386335
In base 14, what is 2 - 17663a9?
-17663a7
In base 8, what is 447713 + 1061?
450774
In base 15, what is -5d1 + -2691?
-2c72
In base 10, what is -4 - -21701083?
21701079
In base 13, what is 18b359 - 14?
18b345
In base 15, what is -3 + 1ee45c?
1ee459
In base 14, what is 1585 + -569?
101a
In base 8, what is 1005 + -75027?
-74022
In base 13, what is 84 - -aa712?
aa796
In base 7, what is -253 + 10401654?
10401401
In base 12, what is 149497a + -10?
149496a
In base 10, what is 70479557 - -6?
70479563
In base 4, what is 203310202 + 113?
203310321
In base 11, what is 98 + 63874?
63961
In base 12, what is 18 + 4662346?
4662362
In base 14, what is 2 + -1887db67?
-1887db65
In base 11, what is -6 - -20945375?
2094536a
In base 6, what is 1 - -11120444?
11120445
In base 15, what is 20d06ccb + -5?
20d06cc6
In base 13, what is -8c141 + 164?
-8bcaa
In base 3, what is 1001 + -1000212011221?
-1000212010220
In base 10, what is 219 - -128137?
128356
In base 14, what is a6 - -11986?
11a4c
In base 14, what is 1212 + -6d6b?
-5b59
In base 4, what is -3113300310 - 20020?
-3113320330
In base 14, what is 274311 + 17?
274328
In base 2, what is 110 - -1010010111110000111001110?
1010010111110000111010100
In base 11, what is 236838 + -13?
236825
In base 5, what is -31434233 + 0?
-31434233
In base 14, what is -13c4b19 + 3?
-13c4b16
In base 9, what is -5700783855 - -3?
-5700783852
In base 3, what is 1010201120221 + 1001?
1010201121222
In base 16, what is 22 - 331c2?
-331a0
In base 14, what is -11bbb - -12b3?
-10908
In base 13, what is 6 - -28b01193?
28b01199
In base 9, what is -12425 + -1822?
-14347
In base 15, what is -3b22 - -20bc?
-1a55
In base 8, what is -622170 - 564?
-622754
In base 8, what is -234630340 + -1?
-234630341
In base 9, what is -3574 + -33057?
-36642
In base 12, what is 4 - -21242b2?
21242b6
In base 11, what is 4 + -165011a?
-1650116
In base 9, what is 126640 + -227?
126412
In base 4, what is -2 + -312023112103?
-312023112111
In base 3, what is 120121121100 - 110212?
120121010111
In base 14, what is d22b1 + 237?
d2508
In base 13, what is 4317 + -1bc?
4128
In base 12, what is 2 - 2210ba01?
-2210b9bb
In base 11, what is 3780 + -7067?
-3397
In base 3, what is 11001011200221212 + -2?
11001011200221210
In base 7, what is -245 - -25151125?
25150550
In base 2, what is 11110 - -100010100010010?
100010100110000
In base 5, what is -30 + -13120103?
-13120133
In base 10, what is 163705 + 4839?
168544
In base 11, what is -6180850 + 12?
-6180839
In base 12, what is 2 + -53520?
-5351a
In base 11, what is -37307a33 - -12?
-37307a21
In base 3, what is 220221221 + 100202?
221022200
In base 3, what is 200 - 10012122222212?
-10012122222012
In base 9, what is -5 - 50204726?
-50204732
In base 11, what is 1013 - -103470?
104483
In base 4, what is -100 + -1121033231?
-1121033331
In base 6, what is -1 - 250324500?
-250324501
In base 11, what is 386 + 110?
496
In base 5, what is 230340 - -23414?
304304
In base 14, what is -4 + -57b77dd?
-57b7803
In base 5, what is -1044 - 4142240?
-4143334
In base 2, what is -100 + -11010010011110110?
-11010010011111010
In base 14, what is 6ad76a - 11?
6ad759
In base 12, what is 66 + 323b?
32a5
In base 6, what is 1010 + 304010?
305020
In base 5, what is -331024241 - -202?
-331024034
In base 5, what is 33104 - -3002444?
3041103
In base 10, what is 1 + 265578261?
265578262
In base 3, what is 1122022 - 10121220002?
-10120020210
In base 11, what is -66380a5 - -4?
-66380a1
In base 11, what is -1005 - -9623?
8619
In base 15, what is 4 - 5e3c9a?
-5e3c96
In base 15, what is -1282792a + 4?
-12827926
In base 15, what is 604c705 - 9?
604c6eb
In base 7, what is 246552425 - 2?
246552423
In base 5, what is 2 - -231032343?
231032400
In base 12, what is 8b2aa5 - -15b?
8b3044
In base 8, what is -1500056 - -24?
-1500032
In base 11, what is 4762 - 3980?
892
In base 9, what is 141047 + 87?
141145
In base 7, what is -6 + -122355333?
-122355342
In base 13, what is 63a3706 + 2?
63a3708
In base 11, what is 591 - -8178?
8759
In base 2, what is 101 - -101000100111000010011001?
101000100111000010011110
In base 15, what is 64 - 660b?
-6597
In base 15, what is -5 - 3d2ec2?
-3d2ec7
In base 10, what is 1 + -41254848?
-41254847
In base 14, what is a7b7 + 32b?
ab04
In base 2, what is 0 - -110110111110000110000111001?
110110111110000110000111001
In base 10, what is 993026979 - -5?
993026984
In base 2, what is -10 - -11001101110011111111?
11001101110011111101
In base 6, what is 5 - 24021234425?
-24021234420
In base 8, what is 104303421 - -3?
104303424
In base 10, what is 563561 - 48?
563513
In base 6, what is -31440110 + 3040?
-31433030
In base 13, what is -7bbc + -1b1?
-80a0
In base 15, what is 13 - 41944?
-41931
In base 3, what is -210211 + 1002102120201?
1002101202220
In base 9, what is 4242 + -128335?
-124083
In base 13, what is c - 40564c2?
-40564b3
In base 16, what is -650 + -fe9?
-1639
In base 4, what is 1313010 + -3310331?
-1331321
In base 16, what is -19c + -9329e?
-9343a
In base 10, what is -264974 - 3112?
-268086
In base 13, what is -11356b - -1ba?
-113381
In base 5, what is -3413 - 41102443?
-41111411
In base 10, what is 215889 + 386?
216275
In base 6, what is 321415 + -15150?
302225
In base 11, what is -a0a39 + -a23?
-a1961
In base 14, what is -662b + 70?
-659b
In base 6, what is 1022020 + -2503?
1015113
In base 11, what is 108 + -9816?
-9709
In base 13, what is -32 + -9a4c?
-9a81
In base 13, what is -2a34378 - 6?
-2a34381
In base 2, what is 11110001101001100100110 + 0?
11110001101001100100110
In base 8, what is -351477423 - 0?
-351477423
In base 15, what is 232 - a330?
-a0ed
In base 2, what is 11000100001100100011110000 + -101?
11000100001100100011101011
In base 10, what is 5116 + -517?
4599
In base 11, what is -4 - -2065191?
2065188
In base 5, what is -34222314 - 400?
-34223214
In base 8, what is -21301 + -3231?
-24532
In base 9, what is 0 + 83767647?
83767647
In base 14, what is 1b566d9 - 37?
1b566a2
In base 16, what is d4 - 82d0b?
-82c37
In base 12, what is -4104766 - 3?
-4104769
In base 4, what is 333 + -12130313323?
-12130312330
In 